{"id":1033,"date":"2024-08-13T14:16:21","date_gmt":"2024-08-13T20:16:21","guid":{"rendered":"https:\/\/epicent.ro\/tienda\/?post_type=product&#038;p=1033"},"modified":"2024-08-13T14:17:21","modified_gmt":"2024-08-13T20:17:21","slug":"luz-del-crepusculo","status":"publish","type":"product","link":"https:\/\/epicent.ro\/tienda\/producto\/luz-del-crepusculo\/","title":{"rendered":"Luz del Crep\u00fasculo"},"content":{"rendered":"<p>Un farol que se enciende mientras el d\u00eda se desvanece, marcando el comienzo de la noche. Esta imagen captura la serenidad de un atardecer, donde la luz y la oscuridad se encuentran en un momento de equilibrio, creando una atm\u00f3sfera de calma y reflexi\u00f3n.<\/p>\n<p>Impreso en papel de algod\u00f3n Photo Rag de 188g, disponible en tama\u00f1o postal y A4, con impresi\u00f3n inkjet de alta calidad. Parte de la colecci\u00f3n whoisalejandro, exclusiva en la tienda de Epicentro.<\/p>\n","protected":false},"excerpt":{"rendered":"<p>Un farol que se enciende mientras el d\u00eda se desvanece, marcando el comienzo de la noche. Esta imagen captura la serenidad de un atardecer, donde la luz y la oscuridad se encuentran en un momento de equilibrio, creando una atm\u00f3sfera de calma y reflexi\u00f3n.<\/p>\n","protected":false},"featured_media":1048,"comment_status":"open","ping_status":"closed","template":"","meta":[],"product_cat":[16],"product_tag":[47],"marca":[],"class_list":{"0":"post-1033","1":"product","2":"type-product","3":"status-publish","4":"has-post-thumbnail","6":"product_cat-cartel","7":"product_tag-whoisalejandro","9":"first","10":"instock","11":"shipping-taxable","12":"purchasable","13":"product-type-variable","14":"has-default-attributes"},"jetpack_sharing_enabled":true,"_links":{"self":[{"href":"https:\/\/epicent.ro\/tienda\/wp-json\/wp\/v2\/product\/1033"}],"collection":[{"href":"https:\/\/epicent.ro\/tienda\/wp-json\/wp\/v2\/product"}],"about":[{"href":"https:\/\/epicent.ro\/tienda\/wp-json\/wp\/v2\/types\/product"}],"replies":[{"embeddable":true,"href":"https:\/\/epicent.ro\/tienda\/wp-json\/wp\/v2\/comments?post=1033"}],"wp:featuredmedia":[{"embeddable":true,"href":"https:\/\/epicent.ro\/tienda\/wp-json\/wp\/v2\/media\/1048"}],"wp:attachment":[{"href":"https:\/\/epicent.ro\/tienda\/wp-json\/wp\/v2\/media?parent=1033"}],"wp:term":[{"taxonomy":"product_cat","embeddable":true,"href":"https:\/\/epicent.ro\/tienda\/wp-json\/wp\/v2\/product_cat?post=1033"},{"taxonomy":"product_tag","embeddable":true,"href":"https:\/\/epicent.ro\/tienda\/wp-json\/wp\/v2\/product_tag?post=1033"},{"taxonomy":"marca","embeddable":true,"href":"https:\/\/epicent.ro\/tienda\/wp-json\/wp\/v2\/marca?post=1033"}],"curies":[{"name":"wp","href":"https:\/\/api.w.org\/{rel}","templated":true}]}}