{"id":998,"date":"2024-08-13T12:40:57","date_gmt":"2024-08-13T18:40:57","guid":{"rendered":"https:\/\/epicent.ro\/tienda\/?post_type=product&#038;p=998"},"modified":"2024-08-13T12:41:52","modified_gmt":"2024-08-13T18:41:52","slug":"guia-en-la-penumbra","status":"publish","type":"product","link":"https:\/\/epicent.ro\/tienda\/producto\/guia-en-la-penumbra\/","title":{"rendered":"Gu\u00eda en la Penumbra"},"content":{"rendered":"<p>Una luz solitaria que rompe la oscuridad, proyectando su calor a trav\u00e9s de capas que parecen proteger un secreto. Esta fotograf\u00eda captura la esencia de encontrar claridad en la penumbra, donde cada rayo de luz nos gu\u00eda hacia lo desconocido.<\/p>\n<p>Impreso en papel de algod\u00f3n Photo Rag de 188g, disponible en tama\u00f1o postal y A4, con impresi\u00f3n inkjet de alta calidad. Parte de la colecci\u00f3n whoisalejandro, exclusiva en la tienda de Epicentro.<\/p>\n","protected":false},"excerpt":{"rendered":"<p>Una luz solitaria que rompe la oscuridad, proyectando su calor a trav\u00e9s de capas que parecen proteger un secreto. Esta fotograf\u00eda captura la esencia de encontrar claridad en la penumbra, donde cada rayo de luz nos gu\u00eda hacia lo desconocido.<\/p>\n","protected":false},"featured_media":1013,"comment_status":"open","ping_status":"closed","template":"","meta":[],"product_cat":[16],"product_tag":[47],"marca":[],"class_list":{"0":"post-998","1":"product","2":"type-product","3":"status-publish","4":"has-post-thumbnail","6":"product_cat-cartel","7":"product_tag-whoisalejandro","9":"first","10":"instock","11":"shipping-taxable","12":"purchasable","13":"product-type-variable","14":"has-default-attributes"},"jetpack_sharing_enabled":true,"_links":{"self":[{"href":"https:\/\/epicent.ro\/tienda\/wp-json\/wp\/v2\/product\/998"}],"collection":[{"href":"https:\/\/epicent.ro\/tienda\/wp-json\/wp\/v2\/product"}],"about":[{"href":"https:\/\/epicent.ro\/tienda\/wp-json\/wp\/v2\/types\/product"}],"replies":[{"embeddable":true,"href":"https:\/\/epicent.ro\/tienda\/wp-json\/wp\/v2\/comments?post=998"}],"wp:featuredmedia":[{"embeddable":true,"href":"https:\/\/epicent.ro\/tienda\/wp-json\/wp\/v2\/media\/1013"}],"wp:attachment":[{"href":"https:\/\/epicent.ro\/tienda\/wp-json\/wp\/v2\/media?parent=998"}],"wp:term":[{"taxonomy":"product_cat","embeddable":true,"href":"https:\/\/epicent.ro\/tienda\/wp-json\/wp\/v2\/product_cat?post=998"},{"taxonomy":"product_tag","embeddable":true,"href":"https:\/\/epicent.ro\/tienda\/wp-json\/wp\/v2\/product_tag?post=998"},{"taxonomy":"marca","embeddable":true,"href":"https:\/\/epicent.ro\/tienda\/wp-json\/wp\/v2\/marca?post=998"}],"curies":[{"name":"wp","href":"https:\/\/api.w.org\/{rel}","templated":true}]}}